9905. What is z(13)?
-90
Let u(l) = 2*l**3 + 4*l**2 - 697*l - 4610. Determine u(-15).
-5
Let n(m) = -6631*m - 25584. What is n(-4)?
940
Let x(i) = i**2 - 320*i + 25344. What is x(175)?
-31
Let n(y) = y**3 + 186*y**2 - 581*y - 2660. Give n(-189).
-14
Let j(a) = 2*a**3 + 198*a**2 - 3160*a + 483. Calculate j(-113).
31
Let v(b) = -2094*b + 458517. Give v(219).
-69
Let j(l) = 6*l**3 + 2984*l**2 + 1026*l + 15881. Give j(-497).
-23
Let o(w) = -888076*w - 9768843. Determine o(-11).
-7
Let g(u) = -1250655*u - 11255896. Determine g(-9).
-1
Let g(q) = -2601708*q - 18211960. Calculate g(-7).
-4
Let i(f) = -1041*f**2 + 2104*f - 56. Give i(2).
-12
Let q(r) = r**3 + 870*r**2 - 1799*r - 47953. Give q(-872).
7
Let r(x) = x**3 - 24*x**2 + 3*x + 152. Determine r(21).
-1108
Let l(r) = -r**3 - 101*r**2 + 5636*r - 570. What is l(-141)?
-6
Let i(j) = 7*j**2 - 1459*j + 3558. Determine i(206).
56
Let y(c) = -c**3 - 13*c**2 - 39*c + 5. Determine y(-3).
32
Let l(t) = -2*t**2 - 372*t + 14025. Give l(-218).
73
Let z(o) = -5*o**2 + 3232*o - 19207. Calculate z(6).
5
Let g(u) = -u**3 - 2*u**2 + 35*u + 160. Give g(-7).
160
Let z(k) = -3*k**3 + 14*k**2 - 25*k + 493. What is z(11)?
-2081
Let y(m) = -690*m - 7542. What is y(-11)?
48
Let l(w) = 1989*w - 8429. Determine l(4).
-473
Let u(q) = 3284*q - 88673. What is u(27)?
-5
Let c(n) = -n**2 + 575*n - 58844. Determine c(124).
-2920
Let c(f) = 665119*f - 1330281. Give c(2).
-43
Let p(u) = 560*u + 159578. Calculate p(-285).
-22
Let c(y) = y**3 + 32*y**2 - 89*y - 89. What is c(-35)?
-649
Let t(c) = -28*c**2 - 1646*c + 1018. Determine t(-57).
3868
Let t(i) = i**3 - i**2 - 400*i + 2727. What is t(7)?
221
Let g(s) = -s**2 + 4796*s - 3044383. Determine g(753).
-4
Let j(o) = -6*o**2 + 1496*o - 17124. Give j(12).
-36
Let q(c) = -7*c**3 - 370*c**2 + 216*c + 8620. Give q(-53).
-19
Let v(w) = -w**3 + 98*w**2 - 886*w + 51. Give v(88).
-477
Let n(x) = -17822*x - 178205. Determine n(-10).
15
Let y(j) = 55*j - 3639. Determine y(37).
-1604
Let q(r) = -10*r**2 + 564*r - 2801. What is q(51)?
-47
Let r(x) = 35952*x - 11. Give r(0).
-11
Let g(f) = 7*f**3 + 206*f**2 + 12*f - 2173. Determine g(-29).
2
Let r(o) = 186*o + 5887. Calculate r(-29).
493
Let h(c) = c**3 + 243*c**2 - 446*c + 10768. Give h(-245).
-12
Let m(q) = -q**2 + 5470*q + 27384. Determine m(-5).
9
Let n(j) = 5133*j + 769944. What is n(-150)?
-6
Let r(d) = d**2 + 44*d - 2823. What is r(36)?
57
Let x(o) = 4253*o**2 + 51069*o + 350. Give x(-12).
-46
Let b(v) = -236*v**3 - 231*v**2 + 115*v + 113. Calculate b(-1).
3
Let v(q) = 12*q**3 - 97*q**2 - 406*q + 12. Calculate v(11).
-219
Let y(f) = 50*f**2 + 893*f + 2. Give y(-17).
-729
Let b(g) = g**2 + 2*g - 1375. Determine b(-39).
68
Let m(f) = f**2 - 22662*f - 19425398. Determine m(-827).
5
Let b(a) = 287*a + 5984. Give b(-21).
-43
Let y(l) = 54*l**2 + 2755*l + 240. What is y(-51)?
189
Let v(u) = 99*u**2 - 1543*u - 657. Give v(16).
-1
Let s(r) = -322*r + 20655. Determine s(65).
-275
Let c(z) = -z**3 + 169*z**2 - 6532*z - 6040. Calculate c(108).
8
Let r(f) = 3*f**2 - 608*f - 3135. Determine r(-5).
-20
Let a(c) = 10*c**2 + 950*c - 739. Calculate a(-96).
221
Let d(k) = -2*k**2 - 100*k + 1105. Determine d(-58).
177
Let q(j) = 181*j**2 - 68608*j + 3418. Calculate q(379).
7
Let l(b) = 5018*b + 29902. Give l(-6).
-206
Let h(z) = 384*z + 43859. Determine h(-114).
83
Let y(z) = z**3 - 8*z**2 - 132*z + 1066. What is y(8)?
10
Let f(y) = 313308*y - 3133084. Give f(10).
-4
Let z(s) = -3*s**2 - 2225*s + 17. Determine z(0).
17
Let m(q) = -q**3 + 150*q**2 + 2013*q + 46401. Calculate m(164).
-11
Let y(s) = s**3 + 89*s**2 + 283*s + 2115. Calculate y(-86).
-35
Let o(b) = -b**3 - 254*b**2 - 501*b + 1217. Give o(-252).
461
Let w(y) = -y**3 - 52*y**2 - 82*y - 4292. What is w(-52)?
-28
Let y(x) = 53*x - 2260. What is y(22)?
-1094
Let m(t) = -35786*t + 178894. Determine m(5).
-36
Let b(a) = -582*a - 4013. What is b(-4)?
-1685
Let y(f) = -1514*f - 8549. Determine y(-5).
-979
Let p(v) = 307810*v - 1846851. Calculate p(6).
9
Let p(d) = 11*d**2 - 1299*d + 6343. Give p(5).
123
Let w(r) = r**2 - 321*r - 62339. Determine w(-136).
-187
Let z(g) = -471038*g - 7536614. Calculate z(-16).
-6
Let g(c) = -5*c**3 + 3*c**2 + 10994*c - 10998. Give g(1).
-6
Let i(k) = -k**3 + 38*k**2 + 55*k - 690. What is i(39)?
-66
Let k(p) = p**2 - 13819*p + 55253. What is k(4)?
-7
Let v(h) = -4549*h - 39219. What is v(-9)?
1722
Let o(p) = -p**2 - 132*p - 4652. Calculate o(-79).
-465
Let l(p) = 76*p**2 + 2380*p + 9998. What is l(-5)?
-2
Let z(r) = -r**3 + 5*r**2 + 59*r - 179. Determine z(3).
16
Let t(o) = 3*o**3 - 9*o**2 - 9*o + 48. Determine t(6).
318
Let r(w) = -78*w**2 - 8423*w + 70. What is r(-108)?
-38
Let m(k) = k**3 - 294*k**2 - 3666*k + 61. Calculate m(-12).
-11
Let c(d) = 680*d**2 + 724877*d - 3194. What is c(-1066)?
4
Let o(j) = -j**3 - 33*j**2 - 2605*j - 85773. What is o(-33)?
192
Let d(c) = 6*c - 3731. What is d(25)?
-3581
Let u(j) = -6*j**2 + 206*j + 1259. What is u(-8)?
-773
Let b(j) = 1228*j - 3676. Determine b(3).
8
Let h(z) = -375550*z - 3755408. Calculate h(-10).
92
Let b(p) = -1243*p - 22362. Determine b(-18).
12
Let s(j) = -219*j + 45981. Determine s(210).
-9
Let z(t) = 52*t**3 - 6501*t**2 + 125*t - 172. What is z(125)?
-172
Let f(c) = 2571*c - 214038. Calculate f(83).
-645
Let b(d) = -2873*d - 107522. What is b(-37)?
-1221
Let a(b) = 3*b**3 - 83*b**2 - 1746*b + 46. Give a(-14).
-10
Let r(k) = 137*k - 1756. Give r(10).
-386
Let d(f) = f**2 + 29*f + 204. Determine d(-21).
36
Let z(r) = 3*r**3 + 178*r**2 + 2322*r + 88. What is z(-40)?
8
Let u(k) = k**2 + 1432*k - 29090. Give u(20).
-50
Let h(u) = -2*u**3 + 18*u**2 + 1166*u - 2395. Calculate h(2).
-7
Let k(r) = 8737*r + 17502. What is k(-2)?
28
Let j(y) = 2*y**3 - 19*y**2 + 20*y - 557. What is j(11)?
26
Let y(u) = -3173*u + 6326. Calculate y(2).
-20
Let y(f) = -1032*f**3 + 2*f**2 - 51*f + 54. What is y(1)?
-1027
Let i(v) = 1689*v - 363148. Calculate i(215).
-13
Let i(k) = 130*k**2 - 11*k - 58. Give i(-3).
1145
Let g(s) = 1766*s + 188943. Give g(-107).
-19
Let z(a) = -504*a + 7874. Calculate z(17).
-694
Let w(h) = h**2 + 44*h - 17201. Calculate w(-164).
2479
Let s(d) = -d**2 + 28648*d + 143258. What is s(-5)?
-7
Let b(q) = -q**3 - 4*q**2 + 780*q + 3875. Calculate b(-5).
0
Let y(g) = 80*g**2 + 26*g + 2. What is y(-4)?
1178
Let a(m) = -265*m**3 + 208*m**2 - 211*m + 2. Calculate a(1).
-266
Let o(v) = -2706*v - 53951. Give o(-20).
169
Let n(f) = -2*f**3 + 11*f**2 + 25*f - 23. Give n(7).
5
Let d(c) = 9*c**2 + 343*c - 18701. Calculate d(-68).
-409
Let l(j) = j**3 + 73*j**2 - 9170*j + 574. What is l(-139)?
18
Let i(j) = 4*j**3 - 26*j**2 - 242*j + 1800. Calculate i(8).
248
Let j(y) = -y**2 - 1156*y + 15101. What is j(13)?
-96
Let t(c) = -5643*c - 287779. Determine t(-51).
14
Let g(j) = 482*j - 12018. Calculate g(27).
996
Let o(h) = -49*h**2 + 176*h + 527. Give o(-3).
-442
Let u(z) = -z**3 - 13*z**2 + 924*z + 15692. Calculate u(-20).
12
Let t(a) = -49125*a**2 + 294750*a - 4. Calculate t(6).
-4
Let t(f) = f**3 + 2*f**2 - 12019*f - 71961. Give t(-6).
9
Let p(k) = 2*k**3 + 9*k**2 + 78*k + 555. Determine p(-6).
-21
Let y(i) = -i**3 - 21*i**2 + 218*i - 168. What is y(7)?
-14
Let y(s) = -s**3 + 327*s**2 + 1632*s + 9325. Calculate y(332).
29
Let l(b) = -133*b**2 + 3281*b - 16371. Give l(5).
-3291
Let n(m) = 179*m + 1158. Calculate n(-6).
84
Let c(t) = -13*t**3 - t**2 - 66*t + 622. Determine c(6).
-2618
Let i(t) = -107*t**2 - 1192*t - 189. Determine i(-11).
-24
Let c(z) = -413*z**2 - 62369*z - 906. Calculate c(-151).
0
Let s(p) = -12*p**3 + 1162*p**2 + 146*p + 4655. Determine s(97).
-1
Let o(p) = -p**3 + 90*p**2 + 800*p + 52. Determine o(98).
1620
Let b(y) = 4479*y**2 - 394156*y + 264. What is b(88)?
-88
Let z(o) = -49*o**2 + 3520*o + 17558. Determine z(-5).
-1267
Let p(u) = 58*u + 6618. Give p(-107).
412
Let p(h) = 11*h**3 + 519*h**2 + 135*h + 1987. Give p(-47).
60
Let g(r) = -695*r + 3375. Determine g(5).
-100
Let u(z) = -128263*z - 24113435. What is u(-188)?
9
Let o(w) = -85*w + 1186. What is o(33)?
-1619
Let o(d) = 33853*d - 27962580. Determine o(826).
-2
Let d(a) = 44*a**2 - 3820*a - 681. Determine d(87).
15
Let k(b) = -38*b - 1731. What is k(-56)?
397
Let m(z) = -277885*z - 27510616. Determine m(-99).
-1
Let h(z) = z**3 - 98*z**2 - 3049*z - 104